{"id":947,"date":"2017-04-27T13:02:29","date_gmt":"2017-04-27T13:02:29","guid":{"rendered":"http:\/\/reformatto.com.br\/reformas\/?page_id=947"},"modified":"2019-10-29T16:55:47","modified_gmt":"2019-10-29T16:55:47","slug":"reformatto-reforma-de-fachadas-e-manutencao-predial","status":"publish","type":"page","link":"https:\/\/reformatto.com.br\/reformas\/","title":{"rendered":"Reforma de Fachadas, Manuten\u00e7\u00e3o Predial e  Reforma de Galp\u00f5es"},"content":{"rendered":"<p>Reformatto Reforma de Fachadas e Manuten\u00e7\u00e3o Predial<\/p>\n","protected":false},"excerpt":{"rendered":"<p>Reformatto Reforma de Fachadas e Manuten\u00e7\u00e3o Predial<\/p>\n","protected":false},"author":1,"featured_media":0,"parent":0,"menu_order":0,"comment_status":"closed","ping_status":"closed","template":"templates\/front.php","meta":{"_links_to":"","_links_to_target":""},"yoast_head":"<!-- This site is optimized with the Yoast SEO plugin v16.5 - https:\/\/yoast.com\/wordpress\/plugins\/seo\/ -->\n<title>Reforma de Fachadas, Manuten\u00e7\u00e3o Predial e Reforma de Galp\u00f5es - Reformatto Engenharia - Reformas Prediais, Fachadas e Galp\u00f5es no RJ e SP<\/title>\n<meta name=\"robots\" content=\"index, follow, max-snippet:-1, max-image-preview:large, max-video-preview:-1\" \/>\n<link rel=\"canonical\" href=\"https:\/\/reformatto.com.br\/reformas\/\" \/>\n<meta property=\"og:locale\" content=\"pt_BR\" \/>\n<meta property=\"og:type\" content=\"article\" \/>\n<meta property=\"og:title\" content=\"Reforma de Fachadas, Manuten\u00e7\u00e3o Predial e Reforma de Galp\u00f5es - Reformatto Engenharia - Reformas Prediais, Fachadas e Galp\u00f5es no RJ e SP\" \/>\n<meta property=\"og:description\" content=\"Reformatto Reforma de Fachadas e Manuten\u00e7\u00e3o Predial\" \/>\n<meta property=\"og:url\" content=\"https:\/\/reformatto.com.br\/reformas\/\" \/>\n<meta property=\"og:site_name\" content=\"Reformatto Engenharia - Reformas Prediais, Fachadas e Galp\u00f5es no RJ e SP\" \/>\n<meta property=\"article:modified_time\" content=\"2019-10-29T16:55:47+00:00\" \/>\n<meta name=\"twitter:card\" content=\"summary\" \/>\n<script type=\"application\/ld+json\" class=\"yoast-schema-graph\">{\"@context\":\"https:\/\/schema.org\",\"@graph\":[{\"@type\":\"WebSite\",\"@id\":\"https:\/\/reformatto.com.br\/reformas\/#website\",\"url\":\"https:\/\/reformatto.com.br\/reformas\/\",\"name\":\"Reformatto Engenharia - Reformas Prediais, Fachadas e Galp\\u00f5es no RJ e SP\",\"description\":\"Reformas Prediais, Fachadas e Galp\\u00f5es no RJ e em SP\",\"potentialAction\":[{\"@type\":\"SearchAction\",\"target\":\"https:\/\/reformatto.com.br\/reformas\/?s={search_term_string}\",\"query-input\":\"required name=search_term_string\"}],\"inLanguage\":\"pt-BR\"},{\"@type\":\"WebPage\",\"@id\":\"https:\/\/reformatto.com.br\/reformas\/#webpage\",\"url\":\"https:\/\/reformatto.com.br\/reformas\/\",\"name\":\"Reforma de Fachadas, Manuten\\u00e7\\u00e3o Predial e Reforma de Galp\\u00f5es - Reformatto Engenharia - Reformas Prediais, Fachadas e Galp\\u00f5es no RJ e SP\",\"isPartOf\":{\"@id\":\"https:\/\/reformatto.com.br\/reformas\/#website\"},\"datePublished\":\"2017-04-27T13:02:29+00:00\",\"dateModified\":\"2019-10-29T16:55:47+00:00\",\"breadcrumb\":{\"@id\":\"https:\/\/reformatto.com.br\/reformas\/#breadcrumb\"},\"inLanguage\":\"pt-BR\",\"potentialAction\":[{\"@type\":\"ReadAction\",\"target\":[\"https:\/\/reformatto.com.br\/reformas\/\"]}]},{\"@type\":\"BreadcrumbList\",\"@id\":\"https:\/\/reformatto.com.br\/reformas\/#breadcrumb\",\"itemListElement\":[{\"@type\":\"ListItem\",\"position\":1,\"name\":\"In\\u00edcio\",\"item\":\"https:\/\/reformatto.com.br\/reformas\/\"},{\"@type\":\"ListItem\",\"position\":2,\"name\":\"Reforma de Fachadas, Manuten\\u00e7\\u00e3o Predial e Reforma de Galp\\u00f5es\"}]}]}<\/script>\n<!-- \/ Yoast SEO plugin. -->","_links":{"self":[{"href":"https:\/\/reformatto.com.br\/reformas\/wp-json\/wp\/v2\/pages\/947"}],"collection":[{"href":"https:\/\/reformatto.com.br\/reformas\/wp-json\/wp\/v2\/pages"}],"about":[{"href":"https:\/\/reformatto.com.br\/reformas\/wp-json\/wp\/v2\/types\/page"}],"author":[{"embeddable":true,"href":"https:\/\/reformatto.com.br\/reformas\/wp-json\/wp\/v2\/users\/1"}],"replies":[{"embeddable":true,"href":"https:\/\/reformatto.com.br\/reformas\/wp-json\/wp\/v2\/comments?post=947"}],"version-history":[{"count":3,"href":"https:\/\/reformatto.com.br\/reformas\/wp-json\/wp\/v2\/pages\/947\/revisions"}],"predecessor-version":[{"id":951,"href":"https:\/\/reformatto.com.br\/reformas\/wp-json\/wp\/v2\/pages\/947\/revisions\/951"}],"wp:attachment":[{"href":"https:\/\/reformatto.com.br\/reformas\/wp-json\/wp\/v2\/media?parent=947"}],"curies":[{"name":"wp","href":"https:\/\/api.w.org\/{rel}","templated":true}]}}