{"id":1094,"date":"2019-10-29T19:42:20","date_gmt":"2019-10-29T19:42:20","guid":{"rendered":"https:\/\/reformatto.com.br\/reformas\/?page_id=1094"},"modified":"2019-11-01T14:30:40","modified_gmt":"2019-11-01T14:30:40","slug":"saiba-mais","status":"publish","type":"page","link":"https:\/\/reformatto.com.br\/reformas\/saiba-mais\/","title":{"rendered":"Nossos servi\u00e7os"},"content":{"rendered":"<h2>Servi\u00e7os disponibilizados pela Reformatto Engenharia:<\/h2>\n<p>Clique nos t\u00f3picos abaixo para conhecer os demais servi\u00e7os disponibilizados pela <strong>Reformatto Engenharia<\/strong>:<\/p>\n<h4><ul id=\"menu-services\" class=\"menu\"><li id=\"menu-item-1147\" class=\"menu-item menu-item-type-post_type menu-item-object-page menu-item-1147\"><a href=\"https:\/\/reformatto.com.br\/reformas\/reforma-de-fachadas-2\/\">Reforma de Fachadas<\/a><\/li>\n<li id=\"menu-item-1148\" class=\"menu-item menu-item-type-post_type menu-item-object-page menu-item-1148\"><a href=\"https:\/\/reformatto.com.br\/reformas\/manutencao-industrial\/\">Manuten\u00e7\u00e3o Industrial<\/a><\/li>\n<li id=\"menu-item-1146\" class=\"menu-item menu-item-type-post_type menu-item-object-page menu-item-1146\"><a href=\"https:\/\/reformatto.com.br\/reformas\/recuperacao-estrutural\/\">Recupera\u00e7\u00e3o Estrutural<\/a><\/li>\n<li id=\"menu-item-1149\" class=\"menu-item menu-item-type-post_type menu-item-object-page menu-item-1149\"><a href=\"https:\/\/reformatto.com.br\/reformas\/telhados-de-galpoes\/\">Telhados de Galp\u00f5es<\/a><\/li>\n<li id=\"menu-item-1150\" class=\"menu-item menu-item-type-post_type menu-item-object-page menu-item-1150\"><a href=\"https:\/\/reformatto.com.br\/reformas\/impermeabilizacoes\/\">Impermeabiliza\u00e7\u00e3o<\/a><\/li>\n<li id=\"menu-item-1400\" class=\"menu-item menu-item-type-post_type menu-item-object-page menu-item-1400\"><a href=\"https:\/\/reformatto.com.br\/reformas\/reforma-de-telhado\/\">Reforma de Telhado<\/a><\/li>\n<li id=\"menu-item-1151\" class=\"menu-item menu-item-type-post_type menu-item-object-page menu-item-1151\"><a href=\"https:\/\/reformatto.com.br\/reformas\/outros-servicos\/\">Outros Servi\u00e7os<\/a><\/li>\n<\/ul><\/h4>\n<hr \/>\n<p><a href=\"https:\/\/reformatto.com.br\/reformas\/wp-content\/uploads\/2019\/11\/reforma-rj.jpg\" data-rel=\"lightbox-image-0\" data-rl_title=\"\" data-rl_caption=\"\" title=\"\"><img loading=\"lazy\" class=\"aligncenter wp-image-1357 size-full\" src=\"https:\/\/reformatto.com.br\/reformas\/wp-content\/uploads\/2019\/11\/reforma-rj.jpg\" alt=\"\" width=\"1920\" height=\"850\" srcset=\"https:\/\/reformatto.com.br\/reformas\/wp-content\/uploads\/2019\/11\/reforma-rj.jpg 1920w, https:\/\/reformatto.com.br\/reformas\/wp-content\/uploads\/2019\/11\/reforma-rj-300x133.jpg 300w, https:\/\/reformatto.com.br\/reformas\/wp-content\/uploads\/2019\/11\/reforma-rj-768x340.jpg 768w, https:\/\/reformatto.com.br\/reformas\/wp-content\/uploads\/2019\/11\/reforma-rj-1024x453.jpg 1024w, https:\/\/reformatto.com.br\/reformas\/wp-content\/uploads\/2019\/11\/reforma-rj-360x159.jpg 360w\" sizes=\"(max-width: 1920px) 100vw, 1920px\" \/><\/a><\/p>\n","protected":false},"excerpt":{"rendered":"<p>Conhe\u00e7a nossos principais servi\u00e7os para seu condom\u00ednio ou empresa<\/p>\n","protected":false},"author":1,"featured_media":0,"parent":0,"menu_order":0,"comment_status":"closed","ping_status":"closed","template":"","meta":{"_links_to":"","_links_to_target":""},"yoast_head":"<!-- This site is optimized with the Yoast SEO plugin v16.5 - https:\/\/yoast.com\/wordpress\/plugins\/seo\/ -->\n<title>Nossos servi\u00e7os - Reformatto Engenharia - Reformas Prediais, Fachadas e Galp\u00f5es no RJ e SP<\/title>\n<meta name=\"robots\" content=\"index, follow, max-snippet:-1, max-image-preview:large, max-video-preview:-1\" \/>\n<link rel=\"canonical\" href=\"https:\/\/reformatto.com.br\/reformas\/saiba-mais\/\" \/>\n<meta property=\"og:locale\" content=\"pt_BR\" \/>\n<meta property=\"og:type\" content=\"article\" \/>\n<meta property=\"og:title\" content=\"Nossos servi\u00e7os - Reformatto Engenharia - Reformas Prediais, Fachadas e Galp\u00f5es no RJ e SP\" \/>\n<meta property=\"og:description\" content=\"Conhe\u00e7a nossos principais servi\u00e7os para seu condom\u00ednio ou empresa\" \/>\n<meta property=\"og:url\" content=\"https:\/\/reformatto.com.br\/reformas\/saiba-mais\/\" \/>\n<meta property=\"og:site_name\" content=\"Reformatto Engenharia - Reformas Prediais, Fachadas e Galp\u00f5es no RJ e SP\" \/>\n<meta property=\"article:modified_time\" content=\"2019-11-01T14:30:40+00:00\" \/>\n<meta property=\"og:image\" content=\"https:\/\/reformatto.com.br\/reformas\/wp-content\/uploads\/2019\/11\/reforma-rj.jpg\" \/>\n<meta name=\"twitter:card\" content=\"summary\" \/>\n<script type=\"application\/ld+json\" class=\"yoast-schema-graph\">{\"@context\":\"https:\/\/schema.org\",\"@graph\":[{\"@type\":\"WebSite\",\"@id\":\"https:\/\/reformatto.com.br\/reformas\/#website\",\"url\":\"https:\/\/reformatto.com.br\/reformas\/\",\"name\":\"Reformatto Engenharia - Reformas Prediais, Fachadas e Galp\\u00f5es no RJ e SP\",\"description\":\"Reformas Prediais, Fachadas e Galp\\u00f5es no RJ e em SP\",\"potentialAction\":[{\"@type\":\"SearchAction\",\"target\":\"https:\/\/reformatto.com.br\/reformas\/?s={search_term_string}\",\"query-input\":\"required name=search_term_string\"}],\"inLanguage\":\"pt-BR\"},{\"@type\":\"ImageObject\",\"@id\":\"https:\/\/reformatto.com.br\/reformas\/saiba-mais\/#primaryimage\",\"inLanguage\":\"pt-BR\",\"url\":\"https:\/\/reformatto.com.br\/reformas\/wp-content\/uploads\/2019\/11\/reforma-rj.jpg\",\"contentUrl\":\"https:\/\/reformatto.com.br\/reformas\/wp-content\/uploads\/2019\/11\/reforma-rj.jpg\",\"width\":1920,\"height\":850},{\"@type\":\"WebPage\",\"@id\":\"https:\/\/reformatto.com.br\/reformas\/saiba-mais\/#webpage\",\"url\":\"https:\/\/reformatto.com.br\/reformas\/saiba-mais\/\",\"name\":\"Nossos servi\\u00e7os - Reformatto Engenharia - Reformas Prediais, Fachadas e Galp\\u00f5es no RJ e SP\",\"isPartOf\":{\"@id\":\"https:\/\/reformatto.com.br\/reformas\/#website\"},\"primaryImageOfPage\":{\"@id\":\"https:\/\/reformatto.com.br\/reformas\/saiba-mais\/#primaryimage\"},\"datePublished\":\"2019-10-29T19:42:20+00:00\",\"dateModified\":\"2019-11-01T14:30:40+00:00\",\"breadcrumb\":{\"@id\":\"https:\/\/reformatto.com.br\/reformas\/saiba-mais\/#breadcrumb\"},\"inLanguage\":\"pt-BR\",\"potentialAction\":[{\"@type\":\"ReadAction\",\"target\":[\"https:\/\/reformatto.com.br\/reformas\/saiba-mais\/\"]}]},{\"@type\":\"BreadcrumbList\",\"@id\":\"https:\/\/reformatto.com.br\/reformas\/saiba-mais\/#breadcrumb\",\"itemListElement\":[{\"@type\":\"ListItem\",\"position\":1,\"name\":\"In\\u00edcio\",\"item\":\"https:\/\/reformatto.com.br\/reformas\/\"},{\"@type\":\"ListItem\",\"position\":2,\"name\":\"Nossos servi\\u00e7os\"}]}]}<\/script>\n<!-- \/ Yoast SEO plugin. -->","_links":{"self":[{"href":"https:\/\/reformatto.com.br\/reformas\/wp-json\/wp\/v2\/pages\/1094"}],"collection":[{"href":"https:\/\/reformatto.com.br\/reformas\/wp-json\/wp\/v2\/pages"}],"about":[{"href":"https:\/\/reformatto.com.br\/reformas\/wp-json\/wp\/v2\/types\/page"}],"author":[{"embeddable":true,"href":"https:\/\/reformatto.com.br\/reformas\/wp-json\/wp\/v2\/users\/1"}],"replies":[{"embeddable":true,"href":"https:\/\/reformatto.com.br\/reformas\/wp-json\/wp\/v2\/comments?post=1094"}],"version-history":[{"count":8,"href":"https:\/\/reformatto.com.br\/reformas\/wp-json\/wp\/v2\/pages\/1094\/revisions"}],"predecessor-version":[{"id":1358,"href":"https:\/\/reformatto.com.br\/reformas\/wp-json\/wp\/v2\/pages\/1094\/revisions\/1358"}],"wp:attachment":[{"href":"https:\/\/reformatto.com.br\/reformas\/wp-json\/wp\/v2\/media?parent=1094"}],"curies":[{"name":"wp","href":"https:\/\/api.w.org\/{rel}","templated":true}]}}